2, 31, 83, 1237
What are the prime factors of 172434424?
2, 19, 1134437
What are the prime factors of 1908911913?
3, 636303971
What are the prime factors of 5504753219?
7, 786393317
What are the prime factors of 119535583?
257, 465119
What are the prime factors of 264095440?
2, 5, 7, 19, 24821
List the prime factors of 547021230.
2, 3, 5, 7, 223, 11681
What are the prime factors of 630028807?
630028807
What are the prime factors of 206101439?
47, 4385137
List the prime factors of 56455244.
2, 821, 17191
List the prime factors of 106077853.
7, 29, 37, 487
List the prime factors of 6705586221.
3, 23, 97182409
What are the prime factors of 148917872?
2, 9307367
What are the prime factors of 214804648?
2, 26850581
What are the prime factors of 105855844?
2, 23, 47, 24481
List the prime factors of 86650394.
2, 17, 31, 229, 359
List the prime factors of 2649861933.
3, 173, 5105707
List the prime factors of 117975446.
2, 19, 71, 73, 599
List the prime factors of 16221180.
2, 3, 5, 53, 5101
List the prime factors of 976439492.
2, 7, 3449, 10111
What are the prime factors of 85331847?
3, 71, 400619
List the prime factors of 715177.
113, 6329
What are the prime factors of 60718715?
5, 12143743
What are the prime factors of 820098536?
2, 433, 236749
What are the prime factors of 67690156?
2, 547, 30937
What are the prime factors of 1687859634?
2, 3, 281309939
What are the prime factors of 210508263?
3, 7, 17, 43, 653
List the prime factors of 697218906.
2, 3, 5113, 22727
List the prime factors of 495153235.
5, 31, 3194537
List the prime factors of 628612817.
7, 12828833
What are the prime factors of 285644481?
3, 311, 306157
List the prime factors of 208839267.
3, 7, 13, 254993
List the prime factors of 1466652084.
2, 3, 17, 43, 167197
What are the prime factors of 52559107?
29, 1812383
What are the prime factors of 76356720?
2, 3, 5, 11, 31, 311
List the prime factors of 44184552.
2, 3, 41, 83, 541
What are the prime factors of 156111455?
5, 563, 55457
What are the prime factors of 1807251109?
38201, 47309
What are the prime factors of 2327165812?
2, 581791453
List the prime factors of 149268833.
7, 21324119
List the prime factors of 1293690485.
5, 258738097
What are the prime factors of 471450024?
2, 3, 2182639
List the prime factors of 8655439.
13, 665803
What are the prime factors of 2125308915?
3, 5, 59, 163, 1637
What are the prime factors of 471654771?
3, 7, 22459751
List the prime factors of 83846424.
2, 3, 29, 53, 2273
List the prime factors of 8321971904.
2, 47, 1291, 2143
List the prime factors of 141299353.
13, 193, 199, 283
List the prime factors of 1937591043.
3, 645863681
What are the prime factors of 53459146?
2, 13, 1181, 1741
List the prime factors of 239051717.
3697, 64661
What are the prime factors of 384712?
2, 19, 2531
List the prime factors of 21311298.
2, 3, 1183961
List the prime factors of 53458759.
641, 83399
List the prime factors of 1170233260.
2, 5, 7, 31, 47, 5737
List the prime factors of 1560384375.
3, 5, 11, 15131
List the prime factors of 2535142461.
3, 845047487
What are the prime factors of 5506965618?
2, 3, 7, 11, 17, 127, 5521
What are the prime factors of 406135135?
5, 7, 41, 73, 3877
What are the prime factors of 992139302?
2, 7, 11, 19, 211, 1607
List the prime factors of 2319056835.
3, 5, 31, 787, 6337
List the prime factors of 837822259.
837822259
What are the prime factors of 108381094?
2, 54190547
List the prime factors of 118356989.
118356989
What are the prime factors of 251197043?
19, 29, 59, 7727
List the prime factors of 41858717.
47, 167, 5333
What are the prime factors of 77540762?
2, 13, 181, 16477
List the prime factors of 693846414.
2, 3, 79, 409, 1193
List the prime factors of 5651353554.
2, 3, 7, 11, 17, 102793
What are the prime factors of 56454066?
2, 3, 67, 46811
What are the prime factors of 735889036?
2, 29, 31, 204641
List the prime factors of 5456904146.
2, 23, 31, 3826721
List the prime factors of 76531750.
2, 5, 107, 2861
What are the prime factors of 1636803145?
5, 327360629
What are the prime factors of 331543246?
2, 8011, 20693
What are the prime factors of 112103974?
2, 56051987
What are the prime factors of 83219024?
2, 7, 743027
List the prime factors of 185769021.
3, 1277, 48491
List the prime factors of 1452537646.
2, 7, 607, 170927
What are the prime factors of 124045465?
5, 24809093
List the prime factors of 141761075.
5, 23, 101, 2441
What are the prime factors of 1090864975?
5, 1019, 42821
List the prime factors of 26423170.
2, 5, 383, 6899
What are the prime factors of 39353765?
5, 11, 715523
List the prime factors of 135790797.
3, 45263599
List the prime factors of 1037184028.
2, 359, 722273
List the prime factors of 467452221.
3, 59, 2640973
What are the prime factors of 595083719?
31, 2437, 7877
What are the prime factors of 79704500?
2, 5, 17, 9377
List the prime factors of 154524420.
2, 3, 5, 83, 10343
What are the prime factors of 251467787?
29, 2207, 3929
List the prime factors of 68709510.
2, 3, 5, 19, 23, 1747
What are the prime factors of 336427729?
11, 53, 577063
List the prime factors of 1186154542.
2, 71, 8353201
What are the prime factors of 1601162554?
2, 800581277
What are the prime factors of 953217446?
2, 41, 233, 49891
What are the prime factors of 126149207?
2953, 42719
List the prime factors of 649996938.
2, 3, 17, 2124173
List the prime factors of 289990637.
1327, 218531
List the prime factors of 1538307190.
2, 5, 7, 37, 109, 5449
What are the prime factors of 2160956590?
2, 5, 13, 16622743
List the prime factors of 2139692.
2, 534923
List the prime factors of 2754354238.
2, 1699, 810581
What are the prime factors of 532391961?
3, 177463987
What are the prime factors of 3631041557?
11, 13, 1237, 1579
List the prime factors of 49316661.
3, 1826543
List the prime factors of 124072077.
3, 41357359
What are the prime factors of 151851651?
3, 7, 7231031
List the prime factors of 24531995.
5, 4906399
What are the prime factors of 34162117?
11, 929, 3343
List the prime factors of 1579134155.
5, 6779, 46589
List the prime factors of 554702513.
554702513
What are the prime factors of 152041355?
5, 30408271
What are the prime factors of 100328065?
5, 863, 23251
What are the prime factors of 1051380947?
1051380947
What are the prime factors of 36178593?
3, 11, 67, 16363
List the prime factors of 1220984827.
1220984827
What are the prime factors of 202483097?
47, 199, 21649
What are the prime factors of 12793875?
3, 5, 109, 313
List the prime factors of 284510474.
2, 29, 4905353
List the prime factors of 2294610.
2, 3, 5, 76487
What are the prime factors of 138051363?
3, 46017121
List the prime factors of 168719799.
3, 56239933
What are the prime factors of 10505439?
3, 7, 17, 577
List the prime factors of 59663778.
2, 3, 17, 31, 18869
List the prime factors of 308307824.
2, 11, 23, 76163
List the prime factors of 2986306532.
2, 11, 19, 3572137
List the prime factors of 47658574.
2, 19, 67, 18719
List the prime factors of 60701403.
3, 7, 1511, 1913
List the prime factors of 224359907.
224359907
List the prime factors of 241281043.
5953, 40531
What are the prime factors of 125386110?
2, 3, 5, 23, 61, 331
List the prime factors of 86082234.
2, 3, 7, 2049577
List the prime factors of 2552200569.
3, 1166987
What are the prime factors of 252292608?
2, 3, 54751
List the prime factors of 4438404.
2, 3, 123289
List the prime factors of 226354080.
2, 3, 5, 471571
List the prime factors of 5753020943.
5753020943
What are the prime factors of 11555299?
7, 1650757
What are the prime factors of 137025366?
2, 3, 139, 164299
What are the prime factors of 3375189897?
3, 47, 23937517
List the prime factors of 3908685794.
2, 13, 193, 778933
List the prime factors of 5554569911.
11, 9901, 51001
List the prime factors of 108229909.
19, 337, 16903
What are the prime factors of 709188850?
2, 5, 59, 311, 773
List the prime factors of 3103936692.
2, 3, 521, 496471
List the prime factors of 1450109903.
11, 107, 113, 10903
List the prime factors of 35091461.
19, 199, 9281
List the prime factors of 8182424.
2, 73, 14011
What are the prime factors of 1185900599?
13, 19, 53, 157, 577
List the prime factors of 5257344003.
3, 73, 24006137
List the prime factors of 2244574470.
2, 3, 5, 619, 1